p = -82 - 274. Let x = 500 + p. What is the tens digit of x?
4
Suppose -10 = 2*a, 2*s - 4*a + 2*a = -10. Let t be ((1 - 4) + s)*1. What is the units digit of (-2 + -3 - -2)*t?
9
Suppose -35*y + 52101 = 9681. What is the thousands digit of y?
1
Let n(c) = -47*c + 108. What is the units digit of n(-5)?
3
Suppose 23*i - 37230 = 6*i. What is the hundreds digit of i?
1
Let r be 2/(-9) + 758/9. Suppose 5*t - 7 - 8 = 0. Suppose -w = t*w - r. What is the units digit of w?
1
Let p(w) be the third derivative of w**4/8 + 4*w**3/3 + 3*w**2. Let v be p(15). Suppose 0 = -5*q + n + 98, 2*q - v = 6*n - n. What is the units digit of q?
9
Suppose x + 2716 = 5*o, 4*o - 3*x - 1443 = 721. What is the hundreds digit of o?
5
Suppose 0 = 2*p - p - 4*l - 238, 3*p + l = 753. What is the tens digit of p?
5
Suppose -p - 67 = 33. Let i = -64 - p. Suppose 3*r + 0*r - i = 0. What is the tens digit of r?
1
Let z = -328 - -6652. What is the units digit of 3/21 - (5 - z/28)?
1
Let c be (-1)/(2 + (-7)/3). Suppose 3*y = -c - 21. What is the units digit of (4 - 4 - 2)*y?
6
Let q = 27 - 12. What is the tens digit of 2*3/(-2)*(-740)/q?
4
Let h be -26*1/(-2) + -1. Let l be 2/h - (-843)/18. Let z = 82 - l. What is the tens digit of z?
3
Let y = 163 + -387. Let j = -128 - y. What is the tens digit of j?
9
Suppose 2*b - 80 = 48. Suppose -y + 5 = -b. What is the units digit of y?
9
Let i = 160 + -83. Let s = i + -7. What is the units digit of s?
0
Let a = 33 + 22. Suppose -r - 11 = -a. What is the units digit of r?
4
Suppose -13*r + 5820 = -3*r. What is the units digit of r?
2
Let d = 510 - 271. What is the hundreds digit of d?
2
Suppose -17*v + 10366 + 1432 = 0. What is the hundreds digit of v?
6
Let x = -20 - -107. What is the tens digit of x?
8
Let v be 266/(-49) - 8/14. Let u(k) = -k**2 - 6*k + 4. Let w be u(v). Suppose i = 5*i - w, -i = 2*o - 27. What is the units digit of o?
3
Let z(d) = d**3 - d**2 - d. Let q(o) = 123*o**3 + o**2 + 5*o + 1. Let k(u) = q(u) + 3*z(u). What is the units digit of k(1)?
7
Let x(c) = -1164*c + 134. What is the thousands digit of x(-2)?
2
Let d = -65 - -77. What is the tens digit of 374/14 + d/210*5?
2
Let k be (-56)/(-7) + 4*-1. Let j be 20 + -16 + k/(-1). Suppose -4*c + 5*s + 203 = j, c + 1 = -s + 54. What is the tens digit of c?
5
Let q be (-1)/((-2)/(18/(-3))). Let w be (q - 3)/((-1)/5). Suppose -w = -5*b + 20. What is the tens digit of b?
1
Suppose 112*s - 42*s = 25900. What is the hundreds digit of s?
3
Suppose -9*u = -13*u - 260. Let q = u + 127. What is the units digit of q?
2
Let d(o) = 2*o**3 - 9*o**2 + 2*o. Let z be d(7). Suppose -2*l - r = -z, -196 = -5*l + r + 448. What is the tens digit of l?
2
Let x = 1140 + 456. What is the thousands digit of x?
1
Let c = 3 - -1. Suppose w - 8 = -c*m, 0 = -2*m + 4*m + w - 4. Suppose 0 = m*n + 4*z - 18 - 20, 2*n - 30 = 4*z. What is the tens digit of n?
1
Let m be 33/(-3)*(-2 + 1). Let a = -9 + m. What is the units digit of 2*(-1)/a*-7?
7
Suppose 3*t = 123 + 147. Suppose -2*v + t = 3*m, -25 = 2*v - 4*m - 101. What is the units digit of v?
2
Suppose 396*y - 2430 = 391*y. What is the tens digit of y?
8
Suppose 27*r = 9*r + 8118. What is the hundreds digit of r?
4
Let f = -810 + 475. Let z = -201 - f. What is the hundreds digit of z?
1
Let h(p) = 174*p**2 - 12*p + 28. What is the thousands digit of h(4)?
2
Suppose -4*r + 3*r = -2*y + 197, -3*y = r - 298. What is the units digit of y?
9
Let s be (-18)/6 + (1 - -4). Let m be (1/s)/(5/130). Let k = -4 + m. What is the units digit of k?
9
Let y(w) = 4*w**2 + 53*w + 41. What is the units digit of y(-22)?
1
Suppose 2*a - a = 5*x - 25, -4*a + 5 = x. Suppose -v + x*m = -95, -m = -v + 64 + 15. What is the units digit of v?
5
Let f(i) = i**2 + 2*i + 2. Let w be f(-3). What is the tens digit of 5362/35 - (-4)/w?
5
Suppose 0 = 3*h + 2*h - 340. Let q = -21 + h. What is the units digit of q?
7
Suppose -4*b - 180 = -5*g + 6, -2*b = 5*g - 192. What is the units digit of g?
8
Let g = -840 + 1807. What is the tens digit of g?
6
What is the units digit of (-2 - -7) + (-83164)/(-17)?
7
Suppose 0 = q - 5*p + 9, p = -2*q + 8 + 18. Let h(f) = -f**3 + 12*f**2 - 4*f + 10. What is the units digit of h(q)?
7
Suppose 5*d - 32 = 28. Let g = 22 - d. What is the units digit of g?
0
Suppose -40 = -0*y - 5*y. Suppose y*m - 3*p = 3*m + 146, 4*m = -3*p + 106. Suppose 5*x - 20 = 0, -m + 5 = -w - x. What is the units digit of w?
9
What is the hundreds digit of 8 - (-968 - (-99)/(-11))?
9
Let r = -311 - -1208. What is the units digit of r?
7
Let p(f) = f**3 - 7*f**2 + f + 10. Let r be p(7). Let b = r + -9. Suppose -3*t + 4*t - 12 = -2*g, -2*g - b = 0. What is the units digit of t?
0
Let q = -60 + 60. Suppose -k + 20 + 19 = q. What is the units digit of k?
9
Let d(r) = -r**2 + 6*r + 1. Let m(y) = 4*y + 3. Let x be m(-2). Let j be (-38)/(-8) + x/(-20). What is the units digit of d(j)?
6
Let k = 114 + -64. Suppose 25 = 2*v + 3*v. Suppose -5*n + 0*g = v*g - 25, 4*n = 2*g + k. What is the tens digit of n?
1
Let j = -72 + 37. Let o = j + 60. Let u = 41 - o. What is the tens digit of u?
1
Let v be (-4)/10 + 554/10. Suppose -51*a = -54*a + 15. Suppose -a*q + v = -60. What is the units digit of q?
3
Let y be -2 - ((-4)/(-4) + -196). Suppose -793 = -10*c - y. What is the tens digit of c?
6
Let w = -1012 - -1931. What is the tens digit of w?
1
Suppose 6*o - 2556 - 19038 = 0. What is the units digit of o?
9
Let g = -2 - -4. Suppose g*y - 5 = -1. Suppose -y*j + 10 = 4*f - 28, -2*j = -5*f + 61. What is the units digit of f?
1
What is the thousands digit of 3488 - 0*(-5)/(-30)?
3
Let l(t) = 3*t**2 - 11*t - 273. What is the hundreds digit of l(-12)?
2
Let i(m) = m**2 - 4*m - 5. Let n be i(5). Let w(x) = 2*x + 60. What is the units digit of w(n)?
0
What is the tens digit of -6 + 5*(-42)/(-35) + 572?
7
Let k = -326 - -184. What is the hundreds digit of ((-6)/(-2))/(0 + (-3)/k)?
1
Suppose 5*u = -3*j + 27306, -93*u - 3*j - 27324 = -98*u. What is the thousands digit of u?
5
What is the tens digit of -1 + ((-92952)/(-144))/((-2)/(-4))?
9
Suppose -3*g - 3*g + 2550 = 0. Suppose g = r + 4*r. What is the tens digit of r?
8
Let d(s) be the second derivative of s**4/2 + s**3/2 + 3*s**2/2 - 3*s. What is the hundreds digit of d(4)?
1
Let x(m) = m. Let c(j) = -j**2 - 6*j. Let n(h) = c(h) + 2*x(h). Let s be n(-4). Suppose 2*w = -s + 2. What is the units digit of w?
1
Suppose 2*m - 1 = 7. Suppose c = -c - m. What is the tens digit of 2*18*c/(-3)?
2
Suppose 0 = -4*o + 46 + 146. Suppose 3*q + 48 + 25 = -5*x, 3*x = 5*q + 65. Let d = o + q. What is the tens digit of d?
3
Let i(p) = -2*p**3 - p**2 - 3*p - 2. Let a be i(-1). Suppose -2*u + a = -u. Suppose -u*f - 60 = -6*f. What is the tens digit of f?
1
Let z(r) = r**3 + 10*r**2 - 14*r - 16. What is the hundreds digit of z(-10)?
1
Let a = -22 + 32. Suppose a*r = 12*r - 192. What is the units digit of r?
6
Let w = -46 + 28. What is the tens digit of w/18 - (-1 - 36)?
3
Let a(s) = -s**2 + 18*s + 56. What is the units digit of a(10)?
6
Suppose 11 - 79 = -4*b. Suppose 100 = b*u - 22*u. What is the tens digit of 4 + 4/(u/(-125))?
2
Let w = -1218 - -1768. What is the hundreds digit of w?
5
Suppose -4*x - 1318 = 3*j + x, 0 = 3*j + 3*x + 1320. Let m = -215 - j. What is the units digit of m?
6
Let o(t) = -t**3 - 4*t**2 - t - 2. Let j be o(-4). Suppose 4*n - 6 = j. Suppose 4*a - n*a = 60. What is the units digit of a?
0
Let y = 407 - 221. What is the tens digit of y?
8
Let y = 954 + -749. What is the tens digit of y?
0
Let b = -8 + -9. Let q = b + 17. Suppose q = -4*i + 4, 7*r - 3*r - 4*i - 36 = 0. What is the tens digit of r?
1
Let v = 50 + -35. Suppose -r = -11 - 11. Let u = r - v. What is the units digit of u?
7
Suppose -2*b = b + 90. Let c = b - -39. What is the units digit of c?
9
Let w be 2/(-4) - 3/(-6). Suppose -7*b = -w*b - 1232. Suppose 3*n + b = 11*n. What is the tens digit of n?
2
What is the hundreds digit of 2/((8/1348)/1)?
3
Suppose -s + 5*i + 11 = s, s + i + 12 = 0. What is the units digit of (1/((-3)/(-52)))/(s/(-21))?
2
Let z = -944 - -6025. What is the tens digit of z?
8
Let j = -10359 + 16781. What is the tens digit of j?
2
Let o be (-4 + (-18)/(-4))*0. Suppose o = 10*z - 15*z + 645. What is the hundreds digit of z?
1
Let u(w) = w**3 + 12*w**2 + 12*w + 12. Let v be u(-1